{"id":274,"date":"2017-10-13T14:16:43","date_gmt":"2017-10-13T12:16:43","guid":{"rendered":"http:\/\/www.kaffeebus.ch\/?post_type=product&#038;p=274"},"modified":"2026-04-21T10:20:09","modified_gmt":"2026-04-21T08:20:09","slug":"office-control-1-gr-inox-ex-236","status":"publish","type":"product","link":"https:\/\/www.kaffeebus.ch\/index.php\/produkt\/office-control-1-gr-inox-ex-236\/","title":{"rendered":"Office Control 1 Gr. Inox EX 236"},"content":{"rendered":"<p>Obwohl mit nur einem Kessel ausgestattet, k\u00f6nnen dank des Thermosyphon-Prinzip (Zweikreiser), gleichzeitig Heisswasser \/ Dampf und Kaffee bezogen werden. Die Br\u00fchtemperatur bleibt immer konstant und garantiert eine durchgehende Qualit\u00e4t f\u00fcr jede Zubereitungsart.<br \/>\nVerchromter, zwei Millimeter dicker Edelstahl (INOX) sowie die hochwertige Verarbeitung und massive Bauweise gew\u00e4hrleisten eine lange Lebensdauer.<\/p>\n<h5>Technische Daten<\/h5>\n<p>Prinzip:\u00a0Thermosyphon-System (W\u00e4rmetauscher)<br \/>\nBr\u00fchgruppe:\u00a0 Nachbau der Faema E 61<br \/>\nBreite \/ H\u00f6he \/ Tiefe: 240mm \/\u00a0380mm\u00a0 \/\u00a0450mm<br \/>\nGewicht: 20kg<br \/>\nKessel: 1 x 1,8l<br \/>\nHeizleistung: 1200W<br \/>\nPumpe: 16 Bar<br \/>\nM\u00b3: 0,1<br \/>\nAnschluss: 230V, 50 Hz<br \/>\nLeistung pro Stunde: bis maximal 40 Tassen<\/p>\n<p>Wasseranschluss: Wassertank oder optional mit Festwasseranschluss<\/p>\n<h5>Produkteumfang<\/h5>\n<ul>\n<li>1 Std. Schulung<\/li>\n<li>250g Bohnen der Kaffeebus-Mischung<\/li>\n<li>1 x Doppelsiebtr\u00e4ger 16 gr.<\/li>\n<li>1 x Einzelsiebtr\u00e4ger 10 gr.<\/li>\n<li>1 x Kunststofftamper<\/li>\n<li>1 x Reinigungseinsatz (Gummi)<\/li>\n<li>1 x Kaffeelot<\/li>\n<li>Basisausstattung mit 1x Gratis-Kalkfilter<\/li>\n<\/ul>\n","protected":false},"excerpt":{"rendered":"<p><strong>inkl. Homebarista-Schulung<\/strong><\/p>\n<p>Abholung durch Kunden in Bern<\/p>\n","protected":false},"featured_media":355,"comment_status":"open","ping_status":"closed","template":"","meta":[],"product_cat":[16],"product_tag":[],"_links":{"self":[{"href":"https:\/\/www.kaffeebus.ch\/index.php\/wp-json\/wp\/v2\/product\/274"}],"collection":[{"href":"https:\/\/www.kaffeebus.ch\/index.php\/wp-json\/wp\/v2\/product"}],"about":[{"href":"https:\/\/www.kaffeebus.ch\/index.php\/wp-json\/wp\/v2\/types\/product"}],"replies":[{"embeddable":true,"href":"https:\/\/www.kaffeebus.ch\/index.php\/wp-json\/wp\/v2\/comments?post=274"}],"wp:featuredmedia":[{"embeddable":true,"href":"https:\/\/www.kaffeebus.ch\/index.php\/wp-json\/wp\/v2\/media\/355"}],"wp:attachment":[{"href":"https:\/\/www.kaffeebus.ch\/index.php\/wp-json\/wp\/v2\/media?parent=274"}],"wp:term":[{"taxonomy":"product_cat","embeddable":true,"href":"https:\/\/www.kaffeebus.ch\/index.php\/wp-json\/wp\/v2\/product_cat?post=274"},{"taxonomy":"product_tag","embeddable":true,"href":"https:\/\/www.kaffeebus.ch\/index.php\/wp-json\/wp\/v2\/product_tag?post=274"}],"curies":[{"name":"wp","href":"https:\/\/api.w.org\/{rel}","templated":true}]}}