{"id":434,"date":"2018-09-29T11:43:00","date_gmt":"2018-09-29T09:43:00","guid":{"rendered":"https:\/\/www.kaffeebus.ch\/?post_type=product&#038;p=434"},"modified":"2018-09-29T17:42:09","modified_gmt":"2018-09-29T15:42:09","slug":"bio-cafe-la-perla-220g","status":"publish","type":"product","link":"https:\/\/www.kaffeebus.ch\/index.php\/produkt\/bio-cafe-la-perla-220g\/","title":{"rendered":"BIO Caf\u00e9 la Perla, 220g"},"content":{"rendered":"<p><strong>Caf\u00e9 la perla ist ein sortenreiner Arabica-Kaffee<\/strong>\u00a0(single origin) aus dem bolivianischen Hochland (1100 &#8211; 1750m\u00fcM). Der Perlbohnenkaffee ist eine echte Rarit\u00e4t: W\u00e4hrend in einer Kaffeekirsche normalerweise zwei Bohnen reifen, bildet sich in seltenen F\u00e4llen nur eine einzige, kugelrunde Bohne, in der sich die ganze F\u00fclle des Aromas konzentriert.<br \/>\nswipala kauft die aussortierten Perlbohnen einer kleinen Kaffeekooperative und zahlt ihnen f\u00fcr den Mehraufwand des Aussortierens einen besonders guten Preis. Die Kleinbauern erreichen dadurch einen Zusatzverdienst mit einem Produkt, das sie bis anhin nicht einmal verkaufen konnten. Ger\u00f6stet wird der Kaffee in der R\u00f6sterei Oetterli in Solothurn.<br \/>\nDie Perlbohnen k\u00f6nnen von jeder gebr\u00e4uchlichen Kaffeem\u00fchle bzw. -maschine gemahlen werden.<\/p>\n","protected":false},"excerpt":{"rendered":"<p><em>bio \u2013 fair<\/em><\/p>\n","protected":false},"featured_media":435,"comment_status":"closed","ping_status":"closed","template":"","meta":[],"product_cat":[16],"product_tag":[],"_links":{"self":[{"href":"https:\/\/www.kaffeebus.ch\/index.php\/wp-json\/wp\/v2\/product\/434"}],"collection":[{"href":"https:\/\/www.kaffeebus.ch\/index.php\/wp-json\/wp\/v2\/product"}],"about":[{"href":"https:\/\/www.kaffeebus.ch\/index.php\/wp-json\/wp\/v2\/types\/product"}],"replies":[{"embeddable":true,"href":"https:\/\/www.kaffeebus.ch\/index.php\/wp-json\/wp\/v2\/comments?post=434"}],"wp:featuredmedia":[{"embeddable":true,"href":"https:\/\/www.kaffeebus.ch\/index.php\/wp-json\/wp\/v2\/media\/435"}],"wp:attachment":[{"href":"https:\/\/www.kaffeebus.ch\/index.php\/wp-json\/wp\/v2\/media?parent=434"}],"wp:term":[{"taxonomy":"product_cat","embeddable":true,"href":"https:\/\/www.kaffeebus.ch\/index.php\/wp-json\/wp\/v2\/product_cat?post=434"},{"taxonomy":"product_tag","embeddable":true,"href":"https:\/\/www.kaffeebus.ch\/index.php\/wp-json\/wp\/v2\/product_tag?post=434"}],"curies":[{"name":"wp","href":"https:\/\/api.w.org\/{rel}","templated":true}]}}